774?
96
Calculate the remainder when 137125 is divided by 1652.
9
Calculate the remainder when 1781 is divided by 147.
17
Calculate the remainder when 1715 is divided by 430.
425
Calculate the remainder when 368223 is divided by 11877.
36
Calculate the remainder when 2330998 is divided by 600.
598
Calculate the remainder when 238675 is divided by 136.
131
What is the remainder when 34252 is divided by 1?
0
Calculate the remainder when 150468 is divided by 264.
252
Calculate the remainder when 980 is divided by 204.
164
Calculate the remainder when 21564 is divided by 79.
76
What is the remainder when 40327 is divided by 4018?
147
What is the remainder when 349 is divided by 114?
7
Calculate the remainder when 15642 is divided by 149.
146
Calculate the remainder when 2681 is divided by 442.
29
Calculate the remainder when 3247 is divided by 35.
27
Calculate the remainder when 67055 is divided by 871.
859
Calculate the remainder when 337748 is divided by 350.
348
What is the remainder when 12968 is divided by 12?
8
What is the remainder when 21504 is divided by 2686?
16
What is the remainder when 72632 is divided by 921?
794
Calculate the remainder when 6881 is divided by 685.
31
Calculate the remainder when 5018 is divided by 2367.
284
What is the remainder when 1816413 is divided by 12?
9
Calculate the remainder when 2570 is divided by 154.
106
Calculate the remainder when 198253 is divided by 3887.
16
What is the remainder when 33993 is divided by 33891?
102
Calculate the remainder when 5132 is divided by 395.
392
Calculate the remainder when 206707 is divided by 4.
3
What is the remainder when 25108 is divided by 17?
16
What is the remainder when 30228 is divided by 3?
0
What is the remainder when 4561 is divided by 138?
7
What is the remainder when 2245 is divided by 734?
43
Calculate the remainder when 188929 is divided by 94.
83
What is the remainder when 3737 is divided by 397?
164
Calculate the remainder when 178306 is divided by 95.
86
Calculate the remainder when 94327 is divided by 31413.
88
Calculate the remainder when 7041 is divided by 780.
21
Calculate the remainder when 17949 is divided by 3586.
19
Calculate the remainder when 20899 is divided by 50.
49
What is the remainder when 59972 is divided by 168?
164
Calculate the remainder when 47377 is divided by 479.
435
What is the remainder when 4760 is divided by 518?
98
Calculate the remainder when 13716 is divided by 19.
17
What is the remainder when 34467 is divided by 2453?
125
Calculate the remainder when 6587 is divided by 477.
386
Calculate the remainder when 74465 is divided by 197.
196
What is the remainder when 29793 is divided by 20?
13
Calculate the remainder when 1241 is divided by 9.
8
What is the remainder when 2452 is divided by 2427?
25
Calculate the remainder when 1330 is divided by 597.
136
Calculate the remainder when 3660 is divided by 1128.
276
Calculate the remainder when 5764450 is divided by 444.
442
What is the remainder when 11228 is divided by 22?
8
Calculate the remainder when 205758 is divided by 180.
18
What is the remainder when 43989 is divided by 129?
0
Calculate the remainder when 60800 is divided by 60771.
29
Calculate the remainder when 8093 is divided by 119.
1
What is the remainder when 11959 is divided by 13?
12
Calculate the remainder when 27966 is divided by 12.
6
Calculate the remainder when 234931 is divided by 46985.
6
Calculate the remainder when 1994 is divided by 990.
14
Calculate the remainder when 65999 is divided by 3298.
39
Calculate the remainder when 2869183 is divided by 254.
253
Calculate the remainder when 26136 is divided by 69.
54
Calculate the remainder when 350 is divided by 207.
143
What is the remainder when 1063 is divided by 66?
7
Calculate the remainder when 161941 is divided by 76.
61
What is the remainder when 4918418 is divided by 10?
8
Calculate the remainder when 149173 is divided by 27.
25
Calculate the remainder when 3441 is divided by 10.
1
Calculate the remainder when 130491 is divided by 65230.
31
Calculate the remainder when 12747 is divided by 415.
297
Calculate the remainder when 3260 is divided by 3060.
200
Calculate the remainder when 36588 is divided by 2853.
2352
Calculate the remainder when 1456 is divided by 333.
124
Calculate the remainder when 6058 is divided by 20.
18
What is the remainder when 27535 is divided by 164?
147
What is the remainder when 3822 is divided by 1267?
21
What is the remainder when 863345 is divided by 404?
401
Calculate the remainder when 15424 is divided by 475.
224
Calculate the remainder when 954 is divided by 67.
16
Calculate the remainder when 1889 is divided by 601.
86
What is the remainder when 6438 is divided by 791?
110
Calculate the remainder when 54406 is divided by 514.
436
What is the remainder when 400890 is divided by 22?
6
What is the remainder when 589807 is divided by 4?
3
Calculate the remainder when 18919 is divided by 311.
259
Calculate the remainder when 244236 is divided by 3.
0
What is the remainder when 565932 is divided by 649?
4
What is the remainder when 131188 is divided by 875?
813
Calculate the remainder when 28118 is divided by 8.
6
Calculate the remainder when 337778 is divided by 112591.
5
Calculate the remainder when 11487 is divided by 2297.
2
Calculate the remainder when 13140 is divided by 1093.
24
What is the remainder when 469172 is divided by 32?
20
What is the remainder when 82980 is divided by 336?
324
What is the remainder when 1315377 is divided by 16041?
15
Calculate the remainder when 15715 is divided by 3862.
267
What is the remainder when 14664 is divided by 2094?
6
What is the remainder when 6291 is divided by 200?
91
What is the remainder when 117848 is divided by 10712?
16
What is the remainder when 25975 is divided by 18?
1
What is the remainder when 10314 is divided by 229?
9
What is the remainder when 1636735 is divided by 76?
75
What is the remainder when 404836 is divided by 51?
49
Calculate the remainder when 5565 is divided by 180.
165
What is the remainder when 16588 is divided by 48?
28
What is the remainder when 9703 is divided by 3231?
10
Calculate the remainder when 27278 is divided by 7.
6
What is the remainder when 1330 is divided by 25?
5
Calculate the remainder when 101986 is divided by 658.
654
Calculate the remainder when 25260 is divided by 7.
4
Calculate the remainder when 3903 is divided by 62.
59
Calculate the remainder when 40553 is divided by 3347.
389
Calculate the remainder when 1458 is divided by 259.
163
Calculate the remainder when 294379 is divided by 7.
1
Calculate the remainder when 19871 is divided by 92.
91
Calculate the remainder when 1555 is divided by 121.
103
Calculate the remainder when 13870 is divided by 13865.
5
What is the remainder when 573 is divided by 56?
13
Calculate the remainder when 950 is divided by 472.
6
What is the remainder when 1224 is divided by 683?
541
What is the remainder when 31772 is divided by 32?
28
What is the remainder when 4099 is divided by 258?
229
Calculate the remainder when 146595 is divided by 246.
225
Calculate the remainder when 1105 is divided by 546.
13
What is the remainder when 2361 is divided by 260?
21
Calculate the remainder when 39077 is divided by 305.
37
Calculate the remainder when 15038 is divided by 3756.
14
Calculate the remainder when 2653443 is divided by 1007.
1005
What is the remainder when 9623 is divided by 125?
123
Calculate the remainder when 11650 is divided by 172.
126
Calculate the remainder when 1722 is divided by 351.
318
What is the remainder when 3407 is divided by 3362?
45
What is the remainder when 184660 is divided by 8793?
7
What is the remainder when 558 is divided by 484?
74
What is the remainder when 170 is divided by 31?
15
Calculate the remainder when 17333 is divided by 289.
282
Calculate the remainder when 1112432 is divided by 295.
282
Calculate the remainder when 596 is divided by 559.
37
Calculate the remainder when 61259 is divided by 74.
61
What is the remainder when 137274 is divided by 262?
248
Calculate the remainder when 11250 is divided by 93.
90
Calculate the remainder when 1716 is divided by 363.
264
Calculate the remainder when 13329 is divided by 1211.
8
Calculate the remainder when 3933 